 common factor of l and 12?
12
Let u = 32 + 1. Suppose -3*t + u = 3*r, r = -0*r + 5. What is the greatest common divisor of t and 78?
6
Let s be (-6)/(-15) - 2/5. Let j be (s - 3/3)/((-3)/324). What is the highest common factor of j and 12?
12
Let v(w) = 100*w. Let h be v(-2). Let k be (3 + -1)*3*h/(-30). Calculate the highest common divisor of k and 16.
8
Let m(h) = -h - 66 + 36 + 40. Let r be m(-2). Suppose -2*i = 2*i + 4, 3*j - 5*i = 329. Calculate the highest common divisor of j and r.
12
Suppose 2*a - 25 = -3*n, -2*a + 19 = 2*n - 11. Calculate the greatest common divisor of a and 260.
20
Suppose -9*u - 593 + 1745 = 0. Calculate the greatest common factor of u and 24.
8
Let l(h) = -h**2 - 8*h + 15. Let j be l(-9). Suppose 75 = j*p - p. Calculate the greatest common divisor of 6 and p.
3
Let n = -5451 + 10807. What is the greatest common divisor of 13 and n?
13
Let b be (39/9)/((-2)/(-60)). Let f be 32/(-12)*39/(-4). What is the highest common divisor of b and f?
26
Let q(u) = -u - 3. Let j be q(-7). Suppose m - j*m = -21. Let w be ((-168)/(-49))/(2/m). Calculate the highest common factor of 60 and w.
12
Let p = -937 - -1447. Calculate the highest common divisor of p and 60.
30
Let d be 5 - (431/(-13) - 48/(-312)). What is the highest common factor of d and 722?
38
Suppose 6*c - 819 = -267. Suppose -3*t - 5*p = -39 + 9, -2*t = -4*p + 2. Suppose -t*v = -3*v - 46. What is the highest common divisor of c and v?
23
Suppose -3*v - 19*p + 16*p = 48, -p - 2 = 0. Let b(t) = t**3 + 15*t**2 + 12*t - 14. Let u be b(v). Calculate the greatest common divisor of u and 70.
14
Suppose 7*y - 5 = 6*y. Let l = 1 + 19. Suppose 3*r - 4*d - 8 + 1 = 0, l = 2*r + 5*d. What is the greatest common divisor of y and r?
5
Let o(l) = -3*l + 28. Let x be o(5). Suppose 4*a = x*a - 144. Suppose 123 = h + h - w, -2*w = 4*h - 266. Calculate the highest common divisor of h and a.
16
Let y be (-190)/(-4) + (90/12)/15. Suppose -4*u + 4*i = -u - 252, -i = 3*u - 237. Let l be ((-9)/2)/((-3)/u). Calculate the highest common factor of l and y.
24
Let w = -17 - -32. Let b be 31 + 1 - (10 + -8). What is the highest common factor of b and w?
15
Suppose -g + 432 = 5*g. Calculate the highest common factor of g and 8.
8
Let m = 35 + -66. Let a = m + 52. Calculate the highest common factor of 14 and a.
7
Suppose 2*n - 54 = -2*j, 4*j - 7*n - 63 = -2*n. What is the greatest common factor of 286 and j?
22
Suppose -4*s + 12 = 2*s. Let c(n) = n + 1. Let f be c(0). Let p(d) = 3*d - 1. Let y be p(f). What is the greatest common factor of s and y?
2
Suppose 0 = -2*i - 3*q + 109, 3*q - 221 = -23*i + 19*i. Suppose -112 = -2*p - 2*p. What is the greatest common divisor of i and p?
28
Let v = 1618 - 1604. Calculate the greatest common factor of v and 238.
14
Let k be ((-12)/(-10))/(2/60). Let l = 191 + -173. What is the highest common factor of k and l?
18
Suppose -25 + 105 = 2*t. Suppose -23 = -2*i + 3*g - 6*g, -25 = -2*i - 5*g. What is the highest common divisor of t and i?
10
Suppose 4*y - 222 = -3*a, -y - a + 110 = y. Calculate the greatest common divisor of y and 27.
27
Suppose 5*n - 8 = 3*q - 29, -4*q - 5*n + 63 = 0. Suppose -q = -2*j + 2*p, 0*j - 2*p = 2*j. Calculate the greatest common factor of j and 6.
3
Let h(m) = 15*m**2 - m + 5. Let j be h(2). Suppose 2*q - 15 = -x, 10 = 2*x - 5*q + 4*q. What is the greatest common factor of x and j?
7
Let s = 52 + -41. Let z(w) = 3*w + 7. Let a be z(5). Calculate the highest common factor of s and a.
11
Let f = 51 + -44. Calculate the greatest common divisor of 63 and f.
7
Let m be (-3)/3*(2 - (1 - -2)). Let r be -4 + m + (-120)/(-4). What is the greatest common divisor of 9 and r?
9
Let x be (-9 - -13)/((-2)/(-8)). What is the greatest common divisor of x and 112?
16
Suppose 25 = -3*g + 4*k, g - 3*k + 2 = -8. Let h be 10 + 2/(-6)*-3. Let p = g + h. What is the greatest common divisor of 10 and p?
2
Let h = -40 + 91. Let o = 195 - h. What is the greatest common divisor of 18 and o?
18
Let u = -2 - -227. What is the highest common divisor of u and 27?
9
Let i(w) = -w**3 - 2*w**2 - 2*w - 2. Let o be i(-2). Suppose -3*q - 23 = j, o*j - 4*q = j - 37. Let a = j - -42. What is the highest common divisor of a and 13?
13
Let q(w) = -4*w - 1. Let m be q(-1). Let d(r) = r**3 - r**2 + r - 1. Let p be d(1). Let n be 1*(p - 3)*-2. What is the greatest common divisor of n and m?
3
Let p = 2350 - 1143. Suppose -10*a + p = -953. Calculate the highest common divisor of a and 27.
27
Let o = 13 - 37. Let f be (-15)/(-8) - 3/o. Calculate the greatest common factor of 10 and f.
2
Let x = 16818 - 16730. Suppose p = 3*p - 264. Calculate the greatest common divisor of x and p.
44
Let u(k) = 2*k**3 - k**2 + 4*k - 5. Suppose -s + 3 + 5 = 0. Let v be 5 + (s/4 - 4). Let i be u(v). Calculate the highest common factor of 13 and i.
13
Let t = 32 - 31. Let w be 10 - (2 - (t + 2)). What is the highest common divisor of 11 and w?
11
Suppose -17*b - 59 = -263. What is the greatest common factor of b and 284?
4
Let t be ((-4140)/(-210))/((-1)/(-7)). Calculate the highest common factor of t and 506.
46
Let z = -142 - -402. Calculate the highest common divisor of 104 and z.
52
Suppose 7*t - 2654 = 6278. What is the highest common divisor of t and 44?
44
Suppose -4*p = p - 3*x, p = 3*x. Suppose p = -2*j - 2*j + 224. Suppose v - 8*v = -j. What is the highest common factor of v and 32?
8
Let c(y) = 4*y + 190. Let p be c(-20). What is the highest common divisor of p and 88?
22
Suppose 2*b + 248 = 3*s, 147 = 2*s + 3*b - 8*b. Let y = -36 + s. Calculate the highest common factor of y and 5.
5
Let q(l) = l**3 - 12*l**2 - 23*l - 10. Let z be q(15). What is the greatest common divisor of 64 and z?
64
Suppose -8*c + 17 - 1 = 0. Let r be (-3)/6 + 145/2. Let z = r - c. Calculate the highest common factor of z and 10.
10
Let t be 312/4 - (1 - (-3 + 4)). Calculate the highest common divisor of t and 12.
6
Let a(q) = 2*q**2 - 34*q - 178. Let k be a(-6). What is the highest common factor of k and 245?
49
Suppose -38*v - 50*v + 142560 = 0. What is the greatest common factor of v and 10?
10
Let g(f) = 10*f - 16. Let w = 76 - 72. Let o be g(w). Calculate the greatest common divisor of o and 3.
3
Let v = -1038 + 1082. Suppose -4 = -2*l + 6. Suppose 4*w + l*n = 23 + 6, -4*w + 5*n = -59. Calculate the greatest common divisor of w and v.
11
Suppose c - 15 = -1. Suppose -2*t + 16 = -3*m, -5*m = 5*t + 9 + 1. Let y(i) = -4*i - 2. Let j be y(m). Calculate the highest common factor of c and j.
14
Suppose -l + 2*r - 1 = 0, -4*l + 2*l = 2*r - 28. Let u be 1*((-3)/3)/(2/(-2)). Calculate the greatest common factor of u and l.
1
Let r(m) = -3*m**3 - 24*m**2 - 48*m - 16. Let l be r(-6). Let o(x) = x**3 - 2*x + 3. Let z be o(2). What is the greatest common divisor of l and z?
7
Suppose 3*m + 5*w = 5*m - 55, 3*m = 2*w + 110. What is the greatest common factor of 135 and m?
5
Let l(a) = -2*a - 59. Let w be l(8). Let h = 95 + w. What is the greatest common factor of 140 and h?
20
Let w(q) = -2*q**3 + q**2 - 3*q - 3. Let n be w(-2). Suppose n*t - 294 = 16*t. Calculate the greatest common factor of 168 and t.
42
Suppose 0 = -30*t - 43 + 2563. What is the greatest common factor of t and 12?
12
Suppose -26 = 5*v - 176. Let u = 647 - 635. Calculate the highest common divisor of v and u.
6
Suppose 0 = -8*l + 28 + 12. Suppose 2*z - 35 = -3*z. Let x = 42 - z. Calculate the greatest common factor of l and x.
5
Let r(d) = -d**3 + 6*d**2 + d + 6. Let h(p) = -p**2 + 11*p - 19. Let a be h(8). Let k be r(a). Calculate the greatest common factor of k and 324.
36
Let w(m) = m**3 + 6*m**2 - 2*m - 6. Let h(t) = -t**2 - t. Let k be h(-3). Let l be w(k). What is the highest common factor of 42 and l?
6
Suppose 0 = -4*b + 77 + 55. What is the highest common factor of 121 and b?
11
Let d = -27 - -55. Let t(h) = -h**2 - 11*h + 12. Let v be t(-12). Let l be ((v - 0) + 4/5)*5. What is the greatest common divisor of d and l?
4
Let g(z) = -17*z - 237. Let h be g(-15). Let a be 8/44 + 1580/22. What is the highest common divisor of a and h?
18
Suppose -4*a + 150 = -a. Suppose -4*s + 20 = 2*d, 7*d = 4*d - s + 55. Calculate the greatest common divisor of a and d.
10
Let a(t) be the third derivative of -3*t**4/2 - 13*t**3/2 + 9*t**2. Let g be a(-13). Calc